is 522 + -1000?
-145
In base 12, what is -1 + 48420?
4841b
In base 7, what is 45 - 10?
35
In base 6, what is 44 + -453?
-405
In base 12, what is -2a68 + -8?
-2a74
In base 6, what is 2 + -1334205?
-1334203
In base 14, what is -3 - 43a6?
-43a9
In base 4, what is -1223 + 331?
-232
In base 5, what is 42130003 + 11?
42130014
In base 14, what is -28c54 + 8?
-28c4a
In base 5, what is 104403 - -1440?
111343
In base 2, what is -10011000110110 + -10001?
-10011001000111
In base 15, what is -c8e0 + 25?
-c8ba
In base 2, what is -1100100111 - 1011100?
-1110000011
In base 5, what is 1414 - -3323?
10242
In base 4, what is 3210 - 3133?
11
In base 7, what is -2402 - 325?
-3030
In base 10, what is -14 - 2101?
-2115
In base 16, what is 2e3 - -1?
2e4
In base 10, what is -1728480 - 2?
-1728482
In base 8, what is 255522 - 11?
255511
In base 15, what is -4 + -87738?
-8773c
In base 6, what is -20223125 + -2?
-20223131
In base 14, what is -8d - -1031?
d82
In base 14, what is a1380 + 3?
a1383
In base 14, what is -82bd - -b?
-82b2
In base 4, what is -303100 - 123?
-303223
In base 5, what is 10224 + 1232?
12011
In base 5, what is -1010 - 12203?
-13213
In base 9, what is -3 + -522882?
-522885
In base 8, what is -23 + -2505?
-2530
In base 2, what is -11111101000001 + 11001?
-11111100101000
In base 3, what is -10 + -10211212120?
-10211212200
In base 2, what is -1101010010011 - -100000001?
-1100110010010
In base 10, what is 2627 + 6?
2633
In base 14, what is 21 - -551?
572
In base 7, what is -551 - 604?
-1455
In base 14, what is -7b9a + -4?
-7ba0
In base 8, what is -10 + -141277?
-141307
In base 13, what is 13 + 405?
418
In base 4, what is 30 + -123220?
-123130
In base 4, what is -1 + 21201111?
21201110
In base 2, what is -1011 + 101100000010?
101011110111
In base 16, what is 2c9 + -4a?
27f
In base 11, what is -323 - -4168?
3945
In base 10, what is -25608 + -63?
-25671
In base 5, what is 3 + -4142404?
-4142401
In base 6, what is -305431 - 3?
-305434
In base 9, what is 27 + -72872?
-72844
In base 12, what is -1773 + 117?
-1658
In base 3, what is -22 + 1010122012?
1010121220
In base 8, what is -1 - 24324?
-24325
In base 7, what is 1 - 232443?
-232442
In base 10, what is 198 + 12223?
12421
In base 7, what is -12045 + 5143?
-3602
In base 6, what is 1221225055 + -1?
1221225054
In base 9, what is 4 + 17865?
17870
In base 10, what is -8981 + -4?
-8985
In base 10, what is -1881276 + 4?
-1881272
In base 5, what is 2 - 3244?
-3242
In base 13, what is 78 + 17b1?
1859
In base 7, what is -206 + 53?
-123
In base 10, what is 197437 + -10?
197427
In base 9, what is -303 + 71?
-222
In base 7, what is 5 - -131253?
131261
In base 2, what is -1001101011001 - 111001?
-1001110010010
In base 5, what is -2303 - -340?
-1413
In base 11, what is -15467 - -4?
-15463
In base 8, what is -1037540 - -2?
-1037536
In base 16, what is 3f - e8?
-a9
In base 11, what is -15821 + 2?
-1581a
In base 14, what is 31604 + 5?
31609
In base 10, what is 1918 + 149?
2067
In base 14, what is 407b - -a?
4087
In base 11, what is 6aa03 + -13?
6a9a0
In base 5, what is -13342 - 130?
-14022
In base 6, what is -5 + 230253?
230244
In base 12, what is 231 - -4a97?
5108
In base 12, what is 199a4 - -27?
19a0b
In base 16, what is 5 - 4f907?
-4f902
In base 10, what is -4 - -8667?
8663
In base 2, what is -10 + -110000001110101010?
-110000001110101100
In base 15, what is -243 - dd8?
-112b
In base 11, what is 974 - -281?
1145
In base 12, what is -3b - -453b?
4500
In base 14, what is 45814 + -7?
4580b
In base 7, what is -5 + 1213301?
1213263
In base 7, what is 4 - 20504?
-20500
In base 10, what is 258 + 0?
258
In base 2, what is 1001010100110 + 1?
1001010100111
In base 7, what is -130 - -15021?
14561
In base 7, what is 1662 - -213?
2205
In base 12, what is -1ab + -4b2?
-6a1
In base 4, what is 102123 - -21?
102210
In base 4, what is -10 + -20003220?
-20003230
In base 9, what is -6701 + 0?
-6701
In base 11, what is -21 + 778?
757
In base 3, what is -100 - -22212121122?
22212121022
In base 7, what is 10626 - -3234?
14163
In base 16, what is 1d821 - 1?
1d820
In base 16, what is 14d + 3?
150
In base 15, what is -777 - -5?
-772
In base 15, what is 3 + -4c61?
-4c5d
In base 4, what is 1303130 + 33?
1303223
In base 5, what is 244 - 330?
-31
In base 13, what is b14 - 1?
b13
In base 9, what is 3825 - 1171?
2644
In base 8, what is 3522 + 173?
3715
In base 12, what is -97 + -2aa?
-385
In base 5, what is -2 + 240143?
240141
In base 8, what is -4 + 3166?
3162
In base 14, what is 481d3 - 2?
481d1
In base 15, what is -ecc + -8?
-ed5
In base 16, what is -de58 - 2e?
-de86
In base 5, what is -111 + -2000?
-2111
In base 3, what is -101112 + -10220220?
-11022102
In base 9, what is -4 + 367?
363
In base 9, what is -231 - -46?
-174
In base 2, what is 1011111010110000 - 101011?
1011111010000101
In base 14, what is 63 + -7495?
-7432
In base 14, what is -52 + 45d?
40b
In base 15, what is 8aa + 95c?
1317
In base 15, what is -24720b + 1?
-24720a
In base 12, what is 1 - -118673?
118674
In base 16, what is 25ee - -4?
25f2
In base 3, what is 2 - 20111101222?
-20111101220
In base 16, what is -36 + -346?
-37c
In base 11, what is 1 + -22321?
-22320
In base 5, what is 10 + -30132000?
-30131440
In base 12, what is b689 + -3?
b686
In base 16, what is -21e - 52?
-270
In base 15, what is -1d3c - -12?
-1d2a
In base 16, what is 3 - bee2?
-bedf
In base 14, what is 58 + -23d7?
-237d
In base 3, what is -21 - 2001122?
-2001220
In base 3, what is 11 + -21111100201?
-21111100120
In base 11, what is -a81 + 18?
-a64
In base 8, what is 1 - -13622?
13623
In base 5, what is 10 - 121322?
-121312
In base 2, what is 1101011110 + 101?
1101100011
In base 14, what is 1c6 - 27c?
-96
In base 7, what is 146 - -53?
232
In base 13, what is -3a - -424?
3b7
In base 14, what is -1745b + 2?
-17459
In base 11, what is -12 - 5317?
-5329
In base 12, what is 16 - 9918?
-9902
In base 7, what is 32034 + 35?
32102
In base 11, what is 5 - 603729?
-603724
In base 13, what is -1a78c - -72?
-1a71a
In base 15, what is 8835 + -6?
882e
In base 5, what is 20144 + 1112?
21311
In base 12, what is -3855 + 0?
-3855
In base 7, what is -304 - -612?
305
In base 4, what is -210001112 - 2?
-210001120
In base 13, what is 20 + -791?
-771
In base 4, what is 2023100230 - -3?
2023100233
In base 7, what is 111 + 1262?
1403
In base 13, what is -c - 639?
-648
In base 16, what is 0 + -2ef85?
-2ef85
In base 14, what is -1b74c - 0?
-1b74c
In base 10, what is 34453 + 1?
34454
In base 9, what is 12530113 - -4?
12530117
In base 15, what is -36 - ca8c?
-cac3
In base 16, what is 1a - -205?
21f
In base 6, what is -145411404 - 2?
-145411410
In base 2, what is 1010000101100000 + 1110?
1010000101101110
In base 16, what is 2001a - -1?
2001b
In base 6, what is 150 + -23421?
-23231
In base 4, what is -213 + 31321?
31102
In base 4, what is -112322 - -213?
-112103
In base 12, what is -77b + 34?
-747
In base 14, what is -3 + 511a2?
5119d
In base 15, what is ca + 169?
244
In base 11, what is 125 - -1030?
1155
In base 4, what is 20202 + -31032?
-10230
In base 4, what is -10 - -11003213110?
11003213100
In base 12, what is -13b6b3 - -3?
-13b6b0
In base 11, what is 4 - -16198?
161a1
In base 15, what is b0 + -481?
-3c1
In base 3, what is 220221111 + -101?
220221010
In base 10, what is -714 + 763?
49
In base 7, what is 4330320 - 0?
4330320
In base 12, what is 4ab734 - 2?
4ab732
In base 9, what is -140 + 1432?
1282
In base 5, what is 13034444 - 10?
13034434
In base 8, what is 51 + 2511?
2562
In base 16, what is -98 - -153?
bb
In base 7, what is 3 - -600323?
600326
In base 2, what is -100 - 100011100101110?
-100011100110010
In base 13, what is b5b1 - 4?
b5aa
In base 12, what is -274591 - 0?
-274591
In base 9, what is -2 - 118232?
-118234
In base 12, what is 28 + 35b6?
3622
In base 9, what is 0 - -1143465?
1143465
In base 15, what is d6 - 1c?
b9
In base 6, what is -14 - 1503?
-1521
In base 11, what is -21021a6 - -2?
-21021a4
In base 13, what is -26 + 579?
553
In base 8, what is -254 - -304?
30
In base 2, what is 101 + -1110100110100?
-1110100101111
In base 8, what is 3 + 43135?
43140
In base 11, what is 1217064 + -4?
1217060
In base 11, what is -5a19 - -21?
-59a8
In base 2, what is 10011011000110101001 + -1?
10011011000110101000
In base 7, what is -146 + -22352